et o be -8 + 4 - ((-87)/3 - -2). Calculate the greatest common divisor of 322 and o.
23
Suppose k + k = 110. Let r = -2411 - -2416. Calculate the highest common divisor of k and r.
5
Let a be (-48)/(-21) - (-14)/(-49). Suppose -b = -a - 1. What is the greatest common divisor of b and 21?
3
Suppose 4*y - 2 = -o + 1, 5*y - 2*o - 7 = 0. Let m = -9 - 2. Let g be 5 + -2 + m + 9. Calculate the greatest common divisor of y and g.
1
Suppose 412 = u - x, 2*x - 89 = -3*u + 1122. Calculate the greatest common factor of 11 and u.
11
Let j = -176 + 333. Let q = -93 + j. What is the greatest common divisor of q and 320?
64
Let a(x) = -x**2 - x + 35. Let v be a(0). Suppose 0*h = -3*r - 4*h + v, -5*h = -10. Let u = -19 - -91. Calculate the greatest common factor of r and u.
9
Suppose 0 = 3*c - 141 - 3. Let h be 21/(-6)*(744/(-84) - -2). Calculate the greatest common factor of h and c.
24
Let s(g) = 3*g**3 + 4*g**2 - 8*g + 7. Let n be s(4). Calculate the greatest common factor of 21 and n.
21
Let a(s) = s**3 - 5*s**2 - 12*s - 11. Let m = 65 + -58. Let c be a(m). What is the highest common factor of 1 and c?
1
Let m be 48/(-24)*30/(-4). Suppose 0*g - 480 = -4*g. Calculate the highest common factor of m and g.
15
Suppose 0 + 6 = u. Let l(t) = -t**2 + 8*t - 3. Let o be l(7). Calculate the highest common factor of u and o.
2
Let h(o) = -3*o**2 + o - 29*o**3 + o**2 - 15*o**3. Let i be h(1). Let k be 3/(i/6)*-60. What is the highest common divisor of k and 12?
12
Suppose -4*u + 44 = -4*m, -4*u - 3*u - 3*m = -87. Let l = 33 + -9. What is the highest common divisor of l and u?
12
Suppose 0 = -6*h + h - 2*c + 136, -3*c + 134 = 5*h. What is the greatest common factor of 203 and h?
7
Let a(k) = k**3 + 3*k**2 - 2*k - 2. Let s be a(-3). Let b be (-12)/(-40)*5*-6. Let y be (-2)/4*3*60/b. What is the greatest common factor of s and y?
2
Let w(r) = -2*r**3 + 8*r**2 - 2*r - 2. Let v be w(3). What is the highest common factor of v and 130?
10
Suppose 3*l + 251 = 5*n - 77, n - 2 = 0. Let j = l - -145. What is the highest common factor of 78 and j?
39
Suppose 0 = -0*h - 2*h - 8. Let b(n) = 3*n**2 + 5*n + 2. Let g be b(h). Suppose -51*s = -52*s + 6. Calculate the highest common divisor of g and s.
6
Suppose -y + 0*y + b - 11 = 0, y - 5*b + 27 = 0. Let s = 31 + y. Let k be 26/3 + 4/(-6). What is the highest common factor of k and s?
8
Suppose 44 = 5*y - 3*y. Let d = -106 + 117. Calculate the greatest common divisor of d and y.
11
Let q be (-2*3)/(6/(-32)). Suppose -32 = -41*d + 39*d. Calculate the highest common factor of d and q.
16
Suppose -3*m = 3*z - 13 - 2, 4*z - 28 = -2*m. Suppose 4*n = -3*i + 19, -2*i + 0*n = -3*n + 10. What is the highest common divisor of i and z?
1
Let s = -40 + -41. Let c = s - -179. Calculate the greatest common divisor of 14 and c.
14
Suppose -15281 = -14*c + 5509. What is the highest common divisor of c and 55?
55
Suppose 13*q = 7115 + 4169. Calculate the greatest common divisor of q and 28.
28
Let j = 78 - 74. Suppose -4*n + 660 = -j*h, 530 = 3*n + 3*h + h. What is the greatest common divisor of 34 and n?
34
Suppose -4*o - 11*o = -1485. Let r = 176 - o. Calculate the greatest common divisor of 7 and r.
7
Suppose -2*f - 1 = -13. Let i be 7/21 - 2/f. Suppose -v + 23 + i = 0. Calculate the highest common factor of v and 115.
23
Let h(w) = -w**2 - 6*w - 5. Let u be h(-5). Suppose 9*v - 23 - 76 = u. Calculate the highest common divisor of v and 99.
11
Let i(s) = 2*s**2 + 6*s - 9. Let c be i(-6). Suppose 75 - c = 2*j. What is the highest common factor of j and 60?
12
Suppose 5*z + 7*z - 396 = 0. Let d = 60 - z. Calculate the highest common divisor of d and 54.
27
Let y = -661 - -691. What is the highest common divisor of 690 and y?
30
Let m be ((-2673)/(-45))/9 + 2/5. Suppose 5*j - 195 = 5*z, 0*z + 3*z = j - 47. Calculate the greatest common factor of m and j.
7
Let n(b) = -12*b - 58. Let j be n(-5). Calculate the highest common divisor of 4 and j.
2
Let k = -325 + 529. Calculate the greatest common factor of k and 51.
51
Let n be 2 + 12/(-5) + 5710/25. What is the greatest common factor of 24 and n?
12
Let w be 5148/162 + (-14)/(-63). Calculate the greatest common factor of w and 52.
4
Let w be ((-70)/(-7))/(-2 - (-26)/12). Let p be (-1)/3 + (-322)/(-21). Calculate the highest common divisor of p and w.
15
Let z = -15 + 27. Let f(k) = 5*k**3 + 6*k - 7. Let w be f(1). What is the highest common divisor of z and w?
4
Suppose -41*l - 918 = -47*l. What is the highest common factor of 9 and l?
9
Let t be (-6)/9 + 8/12. Suppose -y + 23 + 0 = t. Suppose -7 = -2*j + y. What is the highest common factor of 3 and j?
3
Let g be (-508)/(-14) - 2/7. Let o be (-6)/(-45 + -3) - 955/(-40). What is the greatest common factor of o and g?
12
Let c(l) = -l**2 + 2*l. Let t be c(1). Let k be 3/(-12) + 34/8. Calculate the highest common factor of k and t.
1
Suppose -k + 62 = 3*l, 5*l - 104 = 4*k - 6*k. What is the highest common divisor of 40 and l?
20
Suppose -5*a - 26 = 2*x + x, a + 29 = -2*x. Let m be 10/(-5) + x/(-1). Let u be 30*((0 - -2) + -1). Calculate the greatest common factor of u and m.
15
Let j(m) = m + 11. Let q be j(0). Suppose -14*r = -q*r - 99. Suppose 5*p + l = 54, 5*p - 2*l + 7*l - 50 = 0. What is the highest common divisor of p and r?
11
Let n(p) be the second derivative of p**4/3 - p**3/3 + 9*p**2/2 + 25*p. Let i be n(3). Calculate the highest common divisor of 39 and i.
39
Suppose 1933 = -16*j - 131. Let c = 135 + j. What is the highest common factor of c and 5?
1
Suppose 3 = y - 0. Suppose -5*w - y = -6*w. Suppose -h + 25 = -3*c, h + 3 = -c - w*c. What is the greatest common divisor of h and 117?
13
Suppose -22*t + 48 + 128 = 0. Let c = -94 + 182. What is the greatest common factor of t and c?
8
Suppose 9*v = 14*v - 25. Let h = -8 + 11. Suppose -v*p + 5 = -3*y, -h*y + 2 = -p - 9. Calculate the highest common divisor of 5 and y.
5
Let j(f) = -2*f. Let x(u) = 11*u - 11. Let q(d) = -5*j(d) - x(d). Let m be q(3). What is the greatest common factor of 8 and m?
8
Suppose -11*o - 9821 + 34483 = 0. Calculate the greatest common divisor of 59 and o.
59
Let t be (-6)/15 + 112/5 + -1. Calculate the highest common factor of t and 189.
21
Let u be (24/10)/((-54)/(-900)). Calculate the highest common factor of 24 and u.
8
Suppose -5*u = -u. Let l be (u/(6/(-2)))/(-1). Suppose l*t + t - 3*d = 10, -3*t = -d - 30. What is the greatest common factor of 15 and t?
5
Let j(p) = -344*p - 716. Let b be j(-3). What is the highest common factor of 1027 and b?
79
Let q be (-6)/((4/(-24))/1). Let c = q + 6. Let v = c - 20. Calculate the highest common factor of v and 88.
22
Let w be ((-472)/590)/(1 - 6034/6030). Calculate the highest common factor of 134 and w.
134
Let z = -303 + 498. What is the greatest common divisor of z and 156?
39
Let m(l) = -24*l - 2. Let i(k) = k**3 + 8*k**2 - k - 10. Let q be i(-8). Let y be m(q). What is the greatest common factor of 69 and y?
23
Let x(m) = -37*m + 10*m**2 + 47*m - 2*m**2 - 3*m**2 - 22. Let j be x(4). Calculate the greatest common divisor of 14 and j.
14
Let z(f) = f. Let i be z(4). Let v be 6/i*20/6. Suppose -3*q - 3*y = -186, -227 = -v*q - y + 99. Calculate the highest common factor of q and 6.
6
Let q = -45 - -57. Suppose 3*v = c + 75, 2*c - q = -5*v + 124. What is the highest common factor of 182 and v?
26
Let j be 9/2 + (-2)/4. Calculate the greatest common divisor of j and 18.
2
Let n = 5 - -42. Let p = n + -27. Suppose -122 = 80*b - 522. What is the highest common divisor of p and b?
5
Let l = -336 - -816. Let r = 6808 + -6760. Calculate the highest common factor of l and r.
48
Suppose -2 + 8 = 2*y. Suppose 3*j - 36 = -y*j. What is the highest common divisor of j and 48?
6
Let h(i) = i**2 + 2*i. Let d be h(6). Let z be (-11)/((-2)/d*1). Calculate the highest common divisor of 24 and z.
24
Let x(z) = -9*z + 1. Let r be x(-6). Suppose 5*o + 3*u - 263 = 2*u, o = -u + r. Calculate the highest common factor of o and 13.
13
Let n(o) = -o**2 - 12*o - 10. Let f be n(-10). Suppose 2*m + 55 = -0*l + 5*l, -l = 4*m + 11. Let u = 13 - l. What is the highest common divisor of u and f?
2
Let h = 619 + -583. What is the highest common divisor of 414 and h?
18
Suppose 3*m + 3*m = 216. Suppose -62 = 2*p + 42. Let g be 1 - p - m/(-12). What is t